47, 107
What are the prime factors of 1742?
2, 13, 67
List the prime factors of 36147.
3, 12049
What are the prime factors of 3596?
2, 29, 31
What are the prime factors of 352?
2, 11
What are the prime factors of 326?
2, 163
List the prime factors of 62319.
3, 20773
List the prime factors of 1477.
7, 211
What are the prime factors of 50439?
3, 17, 23, 43
What are the prime factors of 80743?
13, 6211
List the prime factors of 602.
2, 7, 43
What are the prime factors of 16426?
2, 43, 191
What are the prime factors of 370?
2, 5, 37
What are the prime factors of 3598?
2, 7, 257
List the prime factors of 6659.
6659
List the prime factors of 6437.
41, 157
What are the prime factors of 2169?
3, 241
What are the prime factors of 24831?
3, 31, 89
What are the prime factors of 2762?
2, 1381
What are the prime factors of 61000?
2, 5, 61
What are the prime factors of 9615?
3, 5, 641
What are the prime factors of 4841?
47, 103
What are the prime factors of 9148?
2, 2287
List the prime factors of 8255.
5, 13, 127
List the prime factors of 53051.
53051
What are the prime factors of 122113?
19, 6427
What are the prime factors of 11079?
3, 1231
What are the prime factors of 2225?
5, 89
What are the prime factors of 352?
2, 11
List the prime factors of 1839.
3, 613
List the prime factors of 741.
3, 13, 19
List the prime factors of 5692.
2, 1423
List the prime factors of 4765.
5, 953
What are the prime factors of 777?
3, 7, 37
List the prime factors of 81082.
2, 71, 571
What are the prime factors of 1665?
3, 5, 37
List the prime factors of 3007.
31, 97
List the prime factors of 8642.
2, 29, 149
List the prime factors of 3312.
2, 3, 23
List the prime factors of 73040.
2, 5, 11, 83
List the prime factors of 77633.
29, 2677
List the prime factors of 38393.
38393
What are the prime factors of 312?
2, 3, 13
List the prime factors of 8618.
2, 31, 139
What are the prime factors of 4211?
4211
List the prime factors of 4316.
2, 13, 83
List the prime factors of 1836.
2, 3, 17
What are the prime factors of 50381?
83, 607
What are the prime factors of 2446?
2, 1223
List the prime factors of 5956.
2, 1489
What are the prime factors of 8834?
2, 7, 631
What are the prime factors of 3804?
2, 3, 317
List the prime factors of 1085.
5, 7, 31
List the prime factors of 69.
3, 23
List the prime factors of 21368.
2, 2671
List the prime factors of 204.
2, 3, 17
List the prime factors of 109607.
43, 2549
List the prime factors of 63776.
2, 1993
List the prime factors of 458.
2, 229
What are the prime factors of 3673?
3673
List the prime factors of 4149.
3, 461
List the prime factors of 38240.
2, 5, 239
What are the prime factors of 1505?
5, 7, 43
List the prime factors of 499.
499
What are the prime factors of 1248?
2, 3, 13
What are the prime factors of 10044?
2, 3, 31
List the prime factors of 92820.
2, 3, 5, 7, 13, 17
List the prime factors of 3674.
2, 11, 167
What are the prime factors of 1385?
5, 277
List the prime factors of 15814.
2, 7907
What are the prime factors of 62527?
31, 2017
What are the prime factors of 809?
809
List the prime factors of 1898.
2, 13, 73
What are the prime factors of 14832?
2, 3, 103
List the prime factors of 9224.
2, 1153
List the prime factors of 8140.
2, 5, 11, 37
List the prime factors of 438.
2, 3, 73
What are the prime factors of 77077?
7, 11, 13
List the prime factors of 625.
5
What are the prime factors of 10997?
7, 1571
List the prime factors of 1526.
2, 7, 109
List the prime factors of 13997.
13997
List the prime factors of 1443.
3, 13, 37
What are the prime factors of 14172?
2, 3, 1181
List the prime factors of 786.
2, 3, 131
List the prime factors of 65634.
2, 3, 10939
What are the prime factors of 28574?
2, 7, 13, 157
What are the prime factors of 11042?
2, 5521
What are the prime factors of 610?
2, 5, 61
What are the prime factors of 133584?
2, 3, 11, 23
What are the prime factors of 408?
2, 3, 17
What are the prime factors of 4294?
2, 19, 113
What are the prime factors of 1745?
5, 349
List the prime factors of 49007.
7, 7001
What are the prime factors of 6253?
13, 37
List the prime factors of 6770.
2, 5, 677
What are the prime factors of 817?
19, 43
What are the prime factors of 24023?
24023
What are the prime factors of 22?
2, 11
What are the prime factors of 32338?
2, 19, 23, 37
List the prime factors of 218.
2, 109
List the prime factors of 13693.
13693
List the prime factors of 44277.
3, 14759
List the prime factors of 125341.
17, 73, 101
What are the prime factors of 26763?
3, 11, 811
What are the prime factors of 724?
2, 181
List the prime factors of 20500.
2, 5, 41
List the prime factors of 1785.
3, 5, 7, 17
What are the prime factors of 1163?
1163
List the prime factors of 8410.
2, 5, 29
What are the prime factors of 731?
17, 43
What are the prime factors of 68708?
2, 89, 193
List the prime factors of 1613.
1613
List the prime factors of 9572.
2, 2393
List the prime factors of 608.
2, 19
What are the prime factors of 92688?
2, 3, 1931
List the prime factors of 976.
2, 61
List the prime factors of 4776.
2, 3, 199
List the prime factors of 7118.
2, 3559
What are the prime factors of 97666?
2, 47, 1039
List the prime factors of 99363.
3, 11, 3011
What are the prime factors of 3662?
2, 1831
What are the prime factors of 194?
2, 97
What are the prime factors of 36804?
2, 3, 3067
What are the prime factors of 74193?
3, 7, 3533
What are the prime factors of 484?
2, 11
What are the prime factors of 30496?
2, 953
List the prime factors of 1033.
1033
List the prime factors of 354.
2, 3, 59
List the prime factors of 9593.
53, 181
What are the prime factors of 138962?
2, 69481
List the prime factors of 1865.
5, 373
List the prime factors of 29027.
29027
What are the prime factors of 22833?
3, 43, 59
List the prime factors of 2936.
2, 367
List the prime factors of 2903.
2903
List the prime factors of 54619.
193, 283
List the prime factors of 3059.
7, 19, 23
List the prime factors of 1905.
3, 5, 127
List the prime factors of 27823.
27823
List the prime factors of 292.
2, 73
List the prime factors of 341.
11, 31
List the prime factors of 43119.
3, 1597
List the prime factors of 15751.
19, 829
What are the prime factors of 85752?
2, 3, 397
What are the prime factors of 1521?
3, 13
List the prime factors of 292.
2, 73
What are the prime factors of 15236?
2, 13, 293
What are the prime factors of 11064?
2, 3, 461
What are the prime factors of 1184?
2, 37
What are the prime factors of 761?
761
List the prime factors of 1096.
2, 137
List the prime factors of 106224.
2, 3, 2213
What are the prime factors of 9537?
3, 11, 17
List the prime factors of 51360.
2, 3, 5, 107
What are the prime factors of 61697?
103, 599
List the prime factors of 35835.
3, 5, 2389
What are the prime factors of 2354?
2, 11, 107
What are the prime factors of 1021?
1021
List the prime factors of 4858.
2, 7, 347
List the prime factors of 19337.
61, 317
List the prime factors of 24737.
29, 853
What are the prime factors of 118356?
2, 3, 7, 1409
What are the prime factors of 7926?
2, 3, 1321
List the prime factors of 27811.
7, 29, 137
What are the prime factors of 1654?
2, 827
What are the prime factors of 2719?
2719
What are the prime factors of 6272?
2, 7
What are the prime factors of 718?
2, 359
List the prime factors of 3441.
3, 31, 37
What are the prime factors of 966?
2, 3, 7, 23
List the prime factors of 2748.
2, 3, 229
What are the prime factors of 51?
3, 17
List the prime factors of 15846.
2, 3, 19, 139
What are the prime factors of 3702?
2, 3, 617
List the prime factors of 349.
349
What are the prime factors of 633?
3, 211
List the prime factors of 1978.
2, 23, 43
What are the prime factors of 69987?
3, 41, 569
What are the prime factors of 1040?
2, 5, 13
List the prime factors of 13071.
3, 4357
What are the prime factors of 17482?
2, 8741
What are the prime factors of 2175?
3, 5, 29
List the prime factors of 12003.
3, 4001
List the prime factors of 717.
3, 239
What are the prime factors of 1540?
2, 5, 7, 11
What are the prime factors of 18061?
18061
List the prime factors of 739.
739
List the prime factors of 60401.
11, 17, 19
What are the prime factors of 5376?
2, 3, 7
What are the prime factors of 8834?
2, 7, 631
What are the prime factors of 6225?
3, 5, 83
What are